{"id":4231,"date":"2021-04-25T08:00:59","date_gmt":"2021-04-25T08:00:59","guid":{"rendered":"https:\/\/mestrija.simpledev.live?page_id=731"},"modified":"2025-09-29T08:50:58","modified_gmt":"2025-09-29T08:50:58","slug":"inox","status":"publish","type":"page","link":"https:\/\/mestrija.simpledev.live\/?page_id=4231","title":{"rendered":"O Inoxu"},"content":{"rendered":"\t\t<div data-elementor-type=\"wp-page\" data-elementor-id=\"4231\" class=\"elementor elementor-4231\">\n\t\t\t\t\t\t<section class=\"elementor-section elementor-top-section elementor-element elementor-element-4a0110f9 elementor-section-full_width elementor-section-height-default elementor-section-height-default\" data-id=\"4a0110f9\" data-element_type=\"section\">\n\t\t\t\t\t\t<div class=\"elementor-container elementor-column-gap-no\">\n\t\t\t\t\t<div class=\"elementor-column elementor-col-100 elementor-top-column elementor-element elementor-element-5c4d6aa4\" data-id=\"5c4d6aa4\" data-element_type=\"column\">\n\t\t\t<div class=\"elementor-widget-wrap elementor-element-populated\">\n\t\t\t\t\t\t<div class=\"elementor-element elementor-element-ec899b0 elementor-widget elementor-widget-welbim_service_content\" data-id=\"ec899b0\" data-element_type=\"widget\" data-widget_type=\"welbim_service_content.default\">\n\t\t\t\t<div class=\"elementor-widget-container\">\n\t\t\t\t\t        <div class=\"content-side\">\r\n            <div class=\"image\">\r\n                <img fetchpriority=\"high\" decoding=\"async\" width=\"770\" height=\"445\" src=\"https:\/\/mestrija.simpledev.live\/wp-content\/uploads\/2021\/04\/image-15.jpg\" class=\"attachment-full size-full\" alt=\"\" \/>            <\/div>\r\n            <h2>O Inox-u<\/h2>\r\n            <div class=\"text\">\r\n                <p><strong>Inox<\/strong> (nehr\u0111aju\u0107i \u010delik, rostfrei) je materijal novog doba, otporan na hr\u0111u i sve vremenske uvjete. Ovisno o podneblju i potrebama gdje se ugra\u0111uje ograda za izradu ogradnih elemenata koristimo inox u kvaliteti materijala.<\/p><p>Karakteristike nehr\u0111aju\u0107ih \u010delika (inox, prokrom) \u010dine ga sna\u017enim kandidatom za odabir materijala. In\u017einjeri i dizajneri \u010desto podcjenjuju te karakteristike zbog velike po\u010detne cijene nehr\u0111aju\u0107ih \u010delika naspram ostalih materijala. Me\u0111utim, zbog dugotrajnosti projekta inox je \u010desto najbolji izbor.<\/p><p>Nehr\u0111aju\u0107i \u010delik je nisko-uglji\u010dni \u010delik sa udjelom kroma od minimalno 10%. Krom je taj element \u010delika koji mu daje otpornost prema koroziji, no ta otpornost i druga svojstva se mogu dodatno pobolj\u0161ati dodavanje molibdena, nikla, titana, du\u0161ika...<\/p><p>U praksi mo\u017eemo na\u0107i \u010dak vi\u0161e od 60 vrsta nehr\u0111aju\u0107ih \u010delika.<\/p><p>Inox kao materijal zahtijeva i druga\u010diju obradu spojeva i varenih dijelova od drugih metala. Zbog toga mi koristimo samo najbolje, ispitane proizvode vrhunskog ameri\u010dkog koncerna \"3M\".<\/p><p><span style=\"color: #953734;\">Posebnu pa\u017enju posve\u0107ujemo varenim spojevima, njihovoj obradi i detaljima. Zbog toga smo u samom vrhu u kvaliteti izrade i monta\u017ee. Pratimo trendove na tr\u017ei\u0161tu i svoj dizajn prilago\u0111avamo \u017eeljama i zahtjevima kupca.<\/span><\/p>            <\/div>\r\n            <div class=\"row mb-30\">\r\n                <div class=\"col-md-6\">\r\n                    <div class=\"image\">\r\n                        <img decoding=\"async\" width=\"500\" height=\"290\" src=\"https:\/\/mestrija.simpledev.live\/wp-content\/uploads\/2025\/09\/274015.jpg\" class=\"attachment-full size-full\" alt=\"\" \/>                    <\/div>\r\n                <\/div>\r\n                <div class=\"col-md-6\">\r\n                    <div class=\"image\">\r\n                        <img decoding=\"async\" width=\"600\" height=\"449\" src=\"https:\/\/mestrija.simpledev.live\/wp-content\/uploads\/2025\/09\/stainless_steel_tube_fittings-l.jpg\" class=\"attachment-full size-full\" alt=\"\" \/>                    <\/div>\r\n                <\/div>\r\n            <\/div>\r\n            <div class=\"service-benifit\">\r\n                <div class=\"row align-items-center\">\r\n                    <div class=\"col-lg-8\">\r\n                        <h3>Korist<\/h3>\r\n                        <div class=\"text\"><\/div>\r\n                    <\/div>\r\n                    <div class=\"col-lg-4\">\r\n                                                    <div class=\"icon-box\">\r\n                                <div class=\"icon\"><\/div>\r\n                                <h4><\/h4>\r\n                            <\/div>\r\n                                            <\/div>\r\n                <\/div>\r\n            <\/div>\r\n        <\/div>\r\n\t\t\t\t<\/div>\n\t\t\t\t<\/div>\n\t\t\t\t\t<\/div>\n\t\t<\/div>\n\t\t\t\t\t<\/div>\n\t\t<\/section>\n\t\t\t\t<section class=\"elementor-section elementor-top-section elementor-element elementor-element-5d98d499 elementor-section-boxed elementor-section-height-default elementor-section-height-default\" data-id=\"5d98d499\" data-element_type=\"section\">\n\t\t\t\t\t\t<div class=\"elementor-container elementor-column-gap-no\">\n\t\t\t\t\t<div class=\"elementor-column elementor-col-100 elementor-top-column elementor-element elementor-element-76773db1\" data-id=\"76773db1\" data-element_type=\"column\">\n\t\t\t<div class=\"elementor-widget-wrap elementor-element-populated\">\n\t\t\t\t\t\t<div class=\"elementor-element elementor-element-45ec826c elementor-widget elementor-widget-welbim_faq\" data-id=\"45ec826c\" data-element_type=\"widget\" data-widget_type=\"welbim_faq.default\">\n\t\t\t\t<div class=\"elementor-widget-container\">\n\t\t\t\t\t\t\t\t<ul class=\"accordion-box style_2\">\r\n\t\t\t\t<!--Accordion Block-->\r\n\t\t\t\t\t\t\t\t\t<li class=\"accordion block\">\r\n\t\t\t\t\t\t<div class=\"acc-btn \">\r\n\t\t\t\t\t\t\t<div class=\"icon-outer\"><span class=\"fas fa-plus\"><\/span><\/div>Otpornost prema koroziji\t\t\t\t\t\t<\/div>\r\n\t\t\t\t\t\t<div class=\"acc-content \">\r\n\t\t\t\t\t\t\t<div class=\"content\">\r\n\t\t\t\t\t\t\t\t<div class=\"text\">Ni\u017ee razredne slitine su otporne prema koroziji u atmosferskom okru\u017eenju dok one vi\u0161eg razreda su otporne i prema ve\u0107ini kiselina i lu\u017eina.\t\t\t\t\t\t\t\t<\/div>\r\n\t\t\t\t\t\t\t<\/div>\r\n\t\t\t\t\t\t<\/div>\r\n\t\t\t\t\t<\/li>\r\n\t\t\t\t\t<!-- End Block -->\r\n\t\t\t\t\t\t\t\t\t<li class=\"accordion block\">\r\n\t\t\t\t\t\t<div class=\"acc-btn active\">\r\n\t\t\t\t\t\t\t<div class=\"icon-outer\"><span class=\"fas fa-plus\"><\/span><\/div>Otpornost prema toplini\t\t\t\t\t\t<\/div>\r\n\t\t\t\t\t\t<div class=\"acc-content current\">\r\n\t\t\t\t\t\t\t<div class=\"content\">\r\n\t\t\t\t\t\t\t\t<div class=\"text\">Slitine nehr\u0111aju\u0107ih \u010delika sa vi\u0161e kroma i nikla ne mijenjaju svoja fizi\u010dka svojstva ukoliko su izlo\u017eeni visokim temperaturama.\t\t\t\t\t\t\t\t<\/div>\r\n\t\t\t\t\t\t\t<\/div>\r\n\t\t\t\t\t\t<\/div>\r\n\t\t\t\t\t<\/li>\r\n\t\t\t\t\t<!-- End Block -->\r\n\t\t\t\t\t\t\t\t\t<li class=\"accordion block\">\r\n\t\t\t\t\t\t<div class=\"acc-btn \">\r\n\t\t\t\t\t\t\t<div class=\"icon-outer\"><span class=\"fas fa-plus\"><\/span><\/div>Higijena\t\t\t\t\t\t<\/div>\r\n\t\t\t\t\t\t<div class=\"acc-content \">\r\n\t\t\t\t\t\t\t<div class=\"content\">\r\n\t\t\t\t\t\t\t\t<div class=\"text\">Lako \u010di\u0161\u0107enje i odr\u017eavanje \u010dine nehr\u0111aju\u0107i \u010delik prvim izborom me\u0111u materijalima u bolnicama, kuhinjama te u prehrambenim pogonima.\t\t\t\t\t\t\t\t<\/div>\r\n\t\t\t\t\t\t\t<\/div>\r\n\t\t\t\t\t\t<\/div>\r\n\t\t\t\t\t<\/li>\r\n\t\t\t\t\t<!-- End Block -->\r\n\t\t\t\t\t\t\t\t\t<li class=\"accordion block\">\r\n\t\t\t\t\t\t<div class=\"acc-btn \">\r\n\t\t\t\t\t\t\t<div class=\"icon-outer\"><span class=\"fas fa-plus\"><\/span><\/div>Estetski izgled\t\t\t\t\t\t<\/div>\r\n\t\t\t\t\t\t<div class=\"acc-content \">\r\n\t\t\t\t\t\t\t<div class=\"content\">\r\n\t\t\t\t\t\t\t\t<div class=\"text\">Lako odr\u017eiva povr\u0161ina, koja se kre\u0107e od visoko poliranih preko onih sa uzorkom do matiranih, \u010dini ga modernim i atraktivnim materijalom.\t\t\t\t\t\t\t\t<\/div>\r\n\t\t\t\t\t\t\t<\/div>\r\n\t\t\t\t\t\t<\/div>\r\n\t\t\t\t\t<\/li>\r\n\t\t\t\t\t<!-- End Block -->\r\n\t\t\t\t\t\t\t\t\t<li class=\"accordion block\">\r\n\t\t\t\t\t\t<div class=\"acc-btn \">\r\n\t\t\t\t\t\t\t<div class=\"icon-outer\"><span class=\"fas fa-plus\"><\/span><\/div>Dugoro\u010dna vrijednost\t\t\t\t\t\t<\/div>\r\n\t\t\t\t\t\t<div class=\"acc-content \">\r\n\t\t\t\t\t\t\t<div class=\"content\">\r\n\t\t\t\t\t\t\t\t<div class=\"text\">Gledaju\u0107i dugoro\u010dno, nehr\u0111aju\u0107i \u010delik je naj\u010de\u0161\u0107e najpovoljniji materijal.\t\t\t\t\t\t\t\t<\/div>\r\n\t\t\t\t\t\t\t<\/div>\r\n\t\t\t\t\t\t<\/div>\r\n\t\t\t\t\t<\/li>\r\n\t\t\t\t\t<!-- End Block -->\r\n\t\t\t\t\t\t\t<\/ul>\r\n\t\t\t\t<\/div>\n\t\t\t\t<\/div>\n\t\t\t\t<div class=\"elementor-element elementor-element-61dd06d elementor-widget elementor-widget-welbim_faq\" data-id=\"61dd06d\" data-element_type=\"widget\" data-widget_type=\"welbim_faq.default\">\n\t\t\t\t<div class=\"elementor-widget-container\">\n\t\t\t\t\t\t\t\t<ul class=\"accordion-box style_2\">\r\n\t\t\t\t<!--Accordion Block-->\r\n\t\t\t\t\t\t\t\t\t<li class=\"accordion block\">\r\n\t\t\t\t\t\t<div class=\"acc-btn \">\r\n\t\t\t\t\t\t\t<div class=\"icon-outer\"><span class=\"fas fa-plus\"><\/span><\/div>AISI 304 - (A2) ili kontinentalni inox.\t\t\t\t\t\t<\/div>\r\n\t\t\t\t\t\t<div class=\"acc-content \">\r\n\t\t\t\t\t\t\t<div class=\"content\">\r\n\t\t\t\t\t\t\t\t<div class=\"text\">Pogodan je za izradu vanjskih ograda u kontinentalnom podneblju, svih unutarnjih ograda i namje\u0161taja.\t\t\t\t\t\t\t\t<\/div>\r\n\t\t\t\t\t\t\t<\/div>\r\n\t\t\t\t\t\t<\/div>\r\n\t\t\t\t\t<\/li>\r\n\t\t\t\t\t<!-- End Block -->\r\n\t\t\t\t\t\t\t\t\t<li class=\"accordion block\">\r\n\t\t\t\t\t\t<div class=\"acc-btn active\">\r\n\t\t\t\t\t\t\t<div class=\"icon-outer\"><span class=\"fas fa-plus\"><\/span><\/div>AISI 316 - (A4) ili morski inox.\t\t\t\t\t\t<\/div>\r\n\t\t\t\t\t\t<div class=\"acc-content current\">\r\n\t\t\t\t\t\t\t<div class=\"content\">\r\n\t\t\t\t\t\t\t\t<div class=\"text\">Pogodniji za primorske krajeve zbog velike otpornosti na utjecaj slane okoline. Zbog toga je neusporedivo skuplji, ali i bolji za izradu vanjskih ograda u krajevima uz more.\n\n\t\t\t\t\t\t\t\t<\/div>\r\n\t\t\t\t\t\t\t<\/div>\r\n\t\t\t\t\t\t<\/div>\r\n\t\t\t\t\t<\/li>\r\n\t\t\t\t\t<!-- End Block -->\r\n\t\t\t\t\t\t\t<\/ul>\r\n\t\t\t\t<\/div>\n\t\t\t\t<\/div>\n\t\t\t\t\t<\/div>\n\t\t<\/div>\n\t\t\t\t\t<\/div>\n\t\t<\/section>\n\t\t\t\t<\/div>\n\t\t","protected":false},"excerpt":{"rendered":"<p>O Inox-u Inox (nehr\u0111aju\u0107i \u010delik, rostfrei) je materijal novog doba, otporan na hr\u0111u i sve vremenske uvjete. Ovisno o podneblju i potrebama gdje se ugra\u0111uje ograda za izradu ogradnih elemenata koristimo inox u kvaliteti materijala. Karakteristike nehr\u0111aju\u0107ih \u010delika (inox, prokrom) \u010dine ga sna\u017enim kandidatom za odabir materijala. In\u017einjeri i dizajneri \u010desto podcjenjuju te karakteristike zbog [&hellip;]<\/p>\n","protected":false},"author":1,"featured_media":30,"parent":0,"menu_order":0,"comment_status":"closed","ping_status":"closed","template":"","meta":{"footnotes":""},"class_list":["post-4231","page","type-page","status-publish","has-post-thumbnail","hentry"],"_links":{"self":[{"href":"https:\/\/mestrija.simpledev.live\/index.php?rest_route=\/wp\/v2\/pages\/4231","targetHints":{"allow":["GET"]}}],"collection":[{"href":"https:\/\/mestrija.simpledev.live\/index.php?rest_route=\/wp\/v2\/pages"}],"about":[{"href":"https:\/\/mestrija.simpledev.live\/index.php?rest_route=\/wp\/v2\/types\/page"}],"author":[{"embeddable":true,"href":"https:\/\/mestrija.simpledev.live\/index.php?rest_route=\/wp\/v2\/users\/1"}],"replies":[{"embeddable":true,"href":"https:\/\/mestrija.simpledev.live\/index.php?rest_route=%2Fwp%2Fv2%2Fcomments&post=4231"}],"version-history":[{"count":7,"href":"https:\/\/mestrija.simpledev.live\/index.php?rest_route=\/wp\/v2\/pages\/4231\/revisions"}],"predecessor-version":[{"id":4387,"href":"https:\/\/mestrija.simpledev.live\/index.php?rest_route=\/wp\/v2\/pages\/4231\/revisions\/4387"}],"wp:featuredmedia":[{"embeddable":true,"href":"https:\/\/mestrija.simpledev.live\/index.php?rest_route=\/wp\/v2\/media\/30"}],"wp:attachment":[{"href":"https:\/\/mestrija.simpledev.live\/index.php?rest_route=%2Fwp%2Fv2%2Fmedia&parent=4231"}],"curies":[{"name":"wp","href":"https:\/\/api.w.org\/{rel}","templated":true}]}}