{"id":4221,"date":"2021-04-13T09:50:21","date_gmt":"2021-04-13T09:50:21","guid":{"rendered":"https:\/\/mestrija.simpledev.live?page_id=6"},"modified":"2025-09-25T11:25:33","modified_gmt":"2025-09-25T11:25:33","slug":"kontakt","status":"publish","type":"page","link":"https:\/\/mestrija.simpledev.live\/?page_id=4221","title":{"rendered":"Kontakt"},"content":{"rendered":"\t\t<div data-elementor-type=\"wp-page\" data-elementor-id=\"4221\" class=\"elementor elementor-4221\">\n\t\t\t\t\t\t<section class=\"elementor-section elementor-top-section elementor-element elementor-element-390b731 elementor-section-full_width elementor-section-height-default elementor-section-height-default\" data-id=\"390b731\" data-element_type=\"section\">\n\t\t\t\t\t\t<div class=\"elementor-container elementor-column-gap-no\">\n\t\t\t\t\t<div class=\"elementor-column elementor-col-100 elementor-top-column elementor-element elementor-element-1022a66\" data-id=\"1022a66\" data-element_type=\"column\">\n\t\t\t<div class=\"elementor-widget-wrap elementor-element-populated\">\n\t\t\t\t\t\t<div class=\"elementor-element elementor-element-e64b8dc elementor-widget elementor-widget-welbim_contact\" data-id=\"e64b8dc\" data-element_type=\"widget\" data-widget_type=\"welbim_contact.default\">\n\t\t\t\t<div class=\"elementor-widget-container\">\n\t\t\t\t\t\t\t<!-- Contact section -->\r\n\t\t<section class=\"contact-section\">\r\n\t\t\t<div class=\"auto-container\">\r\n\t\t\t\t<div class=\"row\">\r\n\t\t\t\t\t<div class=\"col-lg-8\">\r\n\t\t\t\t\t\t<div class=\"contact-map mb-30\">\r\n\t\t\t\t\t\t\t<iframe src=\"https:\/\/www.google.com\/maps\/embed?pb=!1m18!1m12!1m3!1d2819.616067734401!2d14.568061576588256!3d45.032718762124034!2m3!1f0!2f0!3f0!3m2!1i1024!2i768!4f13.1!3m3!1m2!1s0x4763720843173f5f%3A0xfebf9e229021cc85!2sME%C5%A0TRIJA%20-%20KRK%20ZANATSKI%20OBRT!5e0!3m2!1sen!2shr!4v1758799260524!5m2!1sen!2shr\" width=\"600\" height=\"650\" style=\"border:0;\" allowfullscreen=\"\" loading=\"lazy\" referrerpolicy=\"no-referrer-when-downgrade\"><\/iframe>\t\t\t\t\t\t<\/div>\r\n\t\t\t\t\t<\/div>\r\n\t\t\t\t\t<div class=\"col-lg-4\">\r\n\t\t\t\t\t\t<div class=\"contact-details mb-30\">\r\n\t\t\t\t\t\t\t<div class=\"sec-title mb-20\">\r\n\t\t\t\t\t\t\t\t<div class=\"sub-title\">Kontakt Me\u0161trija - Krk<\/div>\r\n\t\t\t\t\t\t\t\t<h2>Podaci za kontakt  <\/h2>\r\n\t\t\t\t\t\t\t<\/div>\r\n\t\t\t\t\t\t\t<div class=\"text mb-40\">Imate pitanja? Slobodno nas nazovite ili nam po\u0161aljite mail na ni\u017ee navedene podatke. <\/div>\r\n\t\t\t\t\t\t\t<div class=\"contact-info\">\r\n\t\t\t\t\t\t\t\t\t\t\t\t\t\t\t\t\t<div class=\"icon-box\">\r\n\t\t\t\t\t\t\t\t\t\t<div class=\"icon\"><span class=\" flaticon-calling\"><\/span><\/div>\r\n\t\t\t\t\t\t\t\t\t\t<div class=\"content\">\r\n\t\t\t\t\t\t\t\t\t\t\t<h5>Telefon<\/h5>\r\n\t\t\t\t\t\t\t\t\t\t\t<div class=\"text\"><a href=\"tel:+38551220109\">+385 51 220 109<\/a><\/div>\r\n\t\t\t\t\t\t\t\t\t\t<\/div>\r\n\t\t\t\t\t\t\t\t\t<\/div>\r\n\t\t\t\t\t\t\t\t\t\t\t\t\t\t\t\t\t<div class=\"icon-box\">\r\n\t\t\t\t\t\t\t\t\t\t<div class=\"icon\"><span class=\" flaticon-email-1\"><\/span><\/div>\r\n\t\t\t\t\t\t\t\t\t\t<div class=\"content\">\r\n\t\t\t\t\t\t\t\t\t\t\t<h5>E-mail<\/h5>\r\n\t\t\t\t\t\t\t\t\t\t\t<div class=\"text\"><a href=\"mailto:mestrija@hi.t-com.hr\">mestrija@hi.t-com.hr<\/a><\/div>\r\n\t\t\t\t\t\t\t\t\t\t<\/div>\r\n\t\t\t\t\t\t\t\t\t<\/div>\r\n\t\t\t\t\t\t\t\t\t\t\t\t\t\t\t\t\t<div class=\"icon-box\">\r\n\t\t\t\t\t\t\t\t\t\t<div class=\"icon\"><span class=\"fas fa-map-marker-alt\"><\/span><\/div>\r\n\t\t\t\t\t\t\t\t\t\t<div class=\"content\">\r\n\t\t\t\t\t\t\t\t\t\t\t<h5>Posjetite nas<\/h5>\r\n\t\t\t\t\t\t\t\t\t\t\t<div class=\"text\">Vr\u0161anska ulica 26, 51500 Krk<\/div>\r\n\t\t\t\t\t\t\t\t\t\t<\/div>\r\n\t\t\t\t\t\t\t\t\t<\/div>\r\n\t\t\t\t\t\t\t\t\t\t\t\t\t\t\t<\/div>\r\n\t\t\t\t\t\t<\/div>\r\n\t\t\t\t\t<\/div>\r\n\t\t\t\t<\/div>\r\n\t\t\t<\/div>\r\n\t\t<\/section>\r\n\t\t\t\t<\/div>\n\t\t\t\t<\/div>\n\t\t\t\t\t<\/div>\n\t\t<\/div>\n\t\t\t\t\t<\/div>\n\t\t<\/section>\n\t\t\t\t<section class=\"elementor-section elementor-top-section elementor-element elementor-element-3e76bb6 elementor-section-full_width elementor-section-height-default elementor-section-height-default\" data-id=\"3e76bb6\" data-element_type=\"section\">\n\t\t\t\t\t\t<div class=\"elementor-container elementor-column-gap-no\">\n\t\t\t\t\t<div class=\"elementor-column elementor-col-100 elementor-top-column elementor-element elementor-element-056c206\" data-id=\"056c206\" data-element_type=\"column\">\n\t\t\t<div class=\"elementor-widget-wrap elementor-element-populated\">\n\t\t\t\t\t\t<div class=\"elementor-element elementor-element-6314d9d elementor-widget elementor-widget-welbim_contact_form\" data-id=\"6314d9d\" data-element_type=\"widget\" data-widget_type=\"welbim_contact_form.default\">\n\t\t\t\t<div class=\"elementor-widget-container\">\n\t\t\t\t\t\t\t<!-- Contact Form section -->\r\n\t\t<section class=\"contact-form-section\">\r\n\t\t\t<div class=\"auto-container\">\r\n\t\t\t\t<div class=\"sec-title text-center\">\r\n\t\t\t\t\t<div class=\"sub-title\">Kontakt forma<\/div>\r\n\t\t\t\t\t<h2>Ispunite i po\u0161aljite<\/h2>\r\n\t\t\t\t<\/div>\r\n\t\t\t\t<!--Contact Form-->\r\n\t\t\t\t<div class=\"contact-form\">\r\n\t\t\t\t\t\n<div class=\"wpcf7 no-js\" id=\"wpcf7-f5-o1\" lang=\"en-US\" dir=\"ltr\" data-wpcf7-id=\"5\">\n<div class=\"screen-reader-response\"><p role=\"status\" aria-live=\"polite\" aria-atomic=\"true\"><\/p> <ul><\/ul><\/div>\n<form action=\"\/index.php?rest_route=%2Fwp%2Fv2%2Fpages%2F4221#wpcf7-f5-o1\" method=\"post\" class=\"wpcf7-form init\" aria-label=\"Contact form\" novalidate=\"novalidate\" data-status=\"init\">\n<fieldset class=\"hidden-fields-container\"><input type=\"hidden\" name=\"_wpcf7\" value=\"5\" \/><input type=\"hidden\" name=\"_wpcf7_version\" value=\"6.1.1\" \/><input type=\"hidden\" name=\"_wpcf7_locale\" value=\"en_US\" \/><input type=\"hidden\" name=\"_wpcf7_unit_tag\" value=\"wpcf7-f5-o1\" \/><input type=\"hidden\" name=\"_wpcf7_container_post\" value=\"0\" \/><input type=\"hidden\" name=\"_wpcf7_posted_data_hash\" value=\"\" \/>\n<\/fieldset>\n<div id=\"contact-form\">\n\t<div class=\"row row-20\">\n\t\t<div class=\"form-group col-md-6\">\n\t\t\t<p><span class=\"wpcf7-form-control-wrap\" data-name=\"form_name\"><input size=\"40\" maxlength=\"400\" class=\"wpcf7-form-control wpcf7-text wpcf7-validates-as-required\" aria-required=\"true\" aria-invalid=\"false\" placeholder=\"Ime i prezime\" value=\"\" type=\"text\" name=\"form_name\" \/><\/span>\n\t\t\t<\/p>\n\t\t<\/div>\n\t\t<div class=\"form-group col-md-6\">\n\t\t\t<p><span class=\"wpcf7-form-control-wrap\" data-name=\"your-email\"><input size=\"40\" maxlength=\"400\" class=\"wpcf7-form-control wpcf7-email wpcf7-validates-as-required wpcf7-text wpcf7-validates-as-email\" aria-required=\"true\" aria-invalid=\"false\" placeholder=\"E-mail\" value=\"\" type=\"email\" name=\"your-email\" \/><\/span>\n\t\t\t<\/p>\n\t\t<\/div>\n\t\t<div class=\"form-group col-md-6\">\n\t\t\t<p><span class=\"wpcf7-form-control-wrap\" data-name=\"form_phone\"><input size=\"40\" maxlength=\"400\" class=\"wpcf7-form-control wpcf7-text wpcf7-validates-as-required\" aria-required=\"true\" aria-invalid=\"false\" placeholder=\"Mobitel\" value=\"\" type=\"text\" name=\"form_phone\" \/><\/span>\n\t\t\t<\/p>\n\t\t<\/div>\n\t\t<div class=\"form-group col-md-6\">\n\t\t\t<p><span class=\"wpcf7-form-control-wrap\" data-name=\"form_subject\"><input size=\"40\" maxlength=\"400\" class=\"wpcf7-form-control wpcf7-text wpcf7-validates-as-required\" aria-required=\"true\" aria-invalid=\"false\" placeholder=\"Naslov\" value=\"\" type=\"text\" name=\"form_subject\" \/><\/span>\n\t\t\t<\/p>\n\t\t<\/div>\n\t\t<div class=\"form-group col-md-12\">\n\t\t\t<p><span class=\"wpcf7-form-control-wrap\" data-name=\"form_message\"><textarea cols=\"40\" rows=\"10\" maxlength=\"2000\" class=\"wpcf7-form-control wpcf7-textarea\" aria-invalid=\"false\" name=\"form_message\">Poruka<\/textarea><\/span>\n\t\t\t<\/p>\n\t\t<\/div>\n\t\t<div class=\"form-group text-center col-md-12\">\n\t\t\t<p><button class=\"theme-btn btn-style-one wpcf7-form-control wpcf7-submit\" type=\"submit\" data-loading-text=\"Please wait...\"><span>Po\u0161alji<\/span><\/button>\n\t\t\t<\/p>\n\t\t<\/div>\n\t<\/div>\n<\/div><div class=\"wpcf7-response-output\" aria-hidden=\"true\"><\/div>\n<\/form>\n<\/div>\n\t\t\t\t<\/div>\r\n\t\t\t\t<!--End Contact Form-->\r\n\t\t\t<\/div>\r\n\t\t<\/section>\r\n\t\t\t\t<\/div>\n\t\t\t\t<\/div>\n\t\t\t\t\t<\/div>\n\t\t<\/div>\n\t\t\t\t\t<\/div>\n\t\t<\/section>\n\t\t\t\t<\/div>\n\t\t","protected":false},"excerpt":{"rendered":"<p>Kontakt Me\u0161trija &#8211; Krk Podaci za kontakt Imate pitanja? Slobodno nas nazovite ili nam po\u0161aljite mail na ni\u017ee navedene podatke. Telefon +385 51 220 109 E-mail mestrija@hi.t-com.hr Posjetite nas Vr\u0161anska ulica 26, 51500 Krk Kontakt forma Ispunite i po\u0161aljite Write Massage Send Message<\/p>\n","protected":false},"author":1,"featured_media":30,"parent":0,"menu_order":0,"comment_status":"closed","ping_status":"closed","template":"elementor_header_footer","meta":{"footnotes":""},"class_list":["post-4221","page","type-page","status-publish","has-post-thumbnail","hentry"],"_links":{"self":[{"href":"https:\/\/mestrija.simpledev.live\/index.php?rest_route=\/wp\/v2\/pages\/4221","targetHints":{"allow":["GET"]}}],"collection":[{"href":"https:\/\/mestrija.simpledev.live\/index.php?rest_route=\/wp\/v2\/pages"}],"about":[{"href":"https:\/\/mestrija.simpledev.live\/index.php?rest_route=\/wp\/v2\/types\/page"}],"author":[{"embeddable":true,"href":"https:\/\/mestrija.simpledev.live\/index.php?rest_route=\/wp\/v2\/users\/1"}],"replies":[{"embeddable":true,"href":"https:\/\/mestrija.simpledev.live\/index.php?rest_route=%2Fwp%2Fv2%2Fcomments&post=4221"}],"version-history":[{"count":7,"href":"https:\/\/mestrija.simpledev.live\/index.php?rest_route=\/wp\/v2\/pages\/4221\/revisions"}],"predecessor-version":[{"id":4359,"href":"https:\/\/mestrija.simpledev.live\/index.php?rest_route=\/wp\/v2\/pages\/4221\/revisions\/4359"}],"wp:featuredmedia":[{"embeddable":true,"href":"https:\/\/mestrija.simpledev.live\/index.php?rest_route=\/wp\/v2\/media\/30"}],"wp:attachment":[{"href":"https:\/\/mestrija.simpledev.live\/index.php?rest_route=%2Fwp%2Fv2%2Fmedia&parent=4221"}],"curies":[{"name":"wp","href":"https:\/\/api.w.org\/{rel}","templated":true}]}}